 number?
False
Is 3885629705 prime?
False
Is 20790607337 a composite number?
True
Is 288618431 a composite number?
False
Is 1290126003 prime?
False
Is 1337948197 a prime number?
False
Is 2918932381 composite?
False
Is 3102572897 prime?
False
Is 715582841 composite?
True
Is 68569894477 prime?
False
Is 61657654489 prime?
True
Is 171702001 composite?
False
Is 1515298229 prime?
True
Is 1499683481 a composite number?
False
Is 704833643 a composite number?
True
Is 15684495821 a prime number?
True
Is 398600999 a composite number?
False
Is 43324187 composite?
True
Is 2523354689 prime?
True
Is 756468179 prime?
True
Is 547680781 a prime number?
True
Is 13828824721 a prime number?
True
Is 1327253657 composite?
False
Is 421875631 composite?
True
Is 10339599251 prime?
True
Is 58110879941 a prime number?
False
Is 7770843001 composite?
True
Is 2538925057 a prime number?
True
Is 45683880443 composite?
False
Is 8828790851 prime?
True
Is 17979616793 prime?
False
Is 271303073 a prime number?
True
Is 9704058493 a composite number?
False
Is 13358027 a composite number?
False
Is 5365547101 a prime number?
True
Is 147045001 a prime number?
True
Is 285473701013 a composite number?
False
Is 55926220117 composite?
True
Is 318516700343 a prime number?
True
Is 59185550441 prime?
True
Is 1435339 composite?
False
Is 8277948361 a composite number?
True
Is 2334396059 composite?
False
Is 1738444927 composite?
False
Is 4781575177 prime?
True
Is 3299782543 prime?
True
Is 394960107 prime?
False
Is 79628298473 a composite number?
False
Is 327443933 composite?
False
Is 5614694681 composite?
False
Is 2370271483 prime?
True
Is 4426703681 prime?
True
Is 14016014219 composite?
False
Is 21061822357 prime?
True
Is 13610674921 a composite number?
True
Is 207218939 prime?
False
Is 39324036802 prime?
False
Is 1466066941 a prime number?
True
Is 6517921369 prime?
False
Is 6587639011 composite?
False
Is 172082847655 a composite number?
True
Is 2065585231 prime?
True
Is 81715761817 a composite number?
True
Is 459815007763 a prime number?
True
Is 2758453613 composite?
False
Is 400112311 prime?
False
Is 1515063881 a prime number?
True
Is 3717912479 a prime number?
True
Is 156908665801 prime?
True
Is 10997831209 composite?
True
Is 18202974509 composite?
False
Is 6932659093 prime?
False
Is 438765617 a composite number?
True
Is 3477484307 prime?
False
Is 7452473009 composite?
False
Is 6969957299 prime?
False
Is 102525717079 composite?
True
Is 6505324939 a prime number?
False
Is 4114591723 prime?
False
Is 8735624917 composite?
True
Is 1241869481 a prime number?
True
Is 168312701 a prime number?
True
Is 1304459951 a prime number?
True
Is 2093995411 a prime number?
True
Is 18546375343 prime?
True
Is 77242881293 composite?
False
Is 113452876391 a composite number?
False
Is 80758720909 a prime number?
False
Is 48213073 prime?
False
Is 404335654903 composite?
True
Is 5664232201 prime?
True
Is 26481500879 composite?
False
Is 186243248923 a prime number?
False
Is 4817237123 prime?
False
Is 32649088469 a prime number?
True
Is 2269307581 prime?
False
Is 3507870523 prime?
False
Is 14693491121 composite?
True
Is 10930034413 a prime number?
False
Is 1561643677 prime?
False
Is 1121674859 prime?
True
Is 68292671 a prime number?
True
Is 901082407 a composite number?
False
Is 4090261367 a prime number?
True
Is 27950321719 prime?
True
Is 1320006679 a prime number?
True
Is 1599494729 composite?
True
Is 1214471377 a prime number?
False
Is 580011251 a composite number?
True
Is 100221192637 a prime number?
True
Is 4786195261 composite?
False
Is 1979410033 a composite number?
True
Is 9302640379 prime?
False
Is 12588494797 a composite number?
True
Is 1986610081 prime?
True
Is 265636919 composite?
False
Is 769345909 a composite number?
False
Is 71913247127 a prime number?
False
Is 9690082153 prime?
False
Is 3338979677 prime?
False
Is 5247302581 a prime number?
False
Is 22561070887 a composite number?
False
Is 1523292467 a prime number?
True
Is 1282530401 a prime number?
True
Is 1916175389 a prime number?
True
Is 71240347 a prime number?
True
Is 4295462909 a composite number?
False
Is 219336079 a prime number?
False
Is 120669545 prime?
False
Is 84810387941 a composite number?
False
Is 420055991 a prime number?
True
Is 10502110237 a prime number?
True
Is 2877834473 a composite number?
False
Is 174875653 a prime number?
False
Is 7997443211 composite?
True
Is 212966717 composite?
False
Is 305498363 composite?
True
Is 26643400387 composite?
True
Is 9104888465 prime?
False
Is 3204343517 a composite number?
True
Is 9634082086 prime?
False
Is 87274792399 prime?
True
Is 159649517 composite?
True
Is 1469277967 a composite number?
False
Is 1510520617 a prime number?
False
Is 1892966359 a prime number?
True
Is 3180936043 a composite number?
True
Is 3502236601 a prime number?
False
Is 14690494517 composite?
False
Is 626173813 a composite number?
True
Is 599751379 composite?
True
Is 3821664271 composite?
False
Is 6054485117 prime?
False
Is 9240095239 a prime number?
True
Is 2449579529 composite?
True
Is 787208677 a composite number?
True
Is 78148283 a prime number?
True
Is 4776624433 composite?
True
Is 3528607107 a composite number?
True
Is 546329687 prime?
True
Is 99870791 a composite number?
True
Is 518199359 a composite number?
False
Is 10392253705 prime?
False
Is 203115409681 a composite number?
True
Is 145631021 a composite number?
True
Is 546316439 composite?
False
Is 3519146287 composite?
False
Is 5336709583 a prime number?
True
Is 10170588089 prime?
True
Is 30280658783 a composite number?
False
Is 5311533131 prime?
False
Is 12899627321 composite?
True
Is 352904023 composite?
True
Is 68539094417 a prime number?
True
Is 28828193789 a prime number?
True
Is 1065947173 composite?
False
Is 259403791 prime?
True
Is 9930706963 a composite number?
False
Is 23826829987 composite?
False
Is 137260414961 prime?
False
Is 1031377047 a prime number?
False
Is 27047973 a composite number?
True
Is 1165466719 prime?
False
Is 4390612501 composite?
True
Is 36705743 a prime number?
False
Is 2347815311 composite?
True
Is 7720307813 composite?
False
Is 809560091 prime?
False
Is 390856861 composite?
True
Is 1176631507 prime?
True
Is 47479181063 composite?
False
Is 44392398181 a composite number?
False
Is 382460147 a composite number?
False
Is 845024035 prime?
False
Is 21061613789 prime?
False
Is 5316193807 composite?
False
Is 3166813851 a composite number?
True
Is 3979180537 composite?
True
Is 11303230787 composite?
False
Is 84008235013 a prime number?
True
Is 162441739 a composite number?
True
Is 704500987 a prime number?
True
Is 10058744611 a composite number?
False
Is 219829188881 composite?
False
Is 31529851165 a prime number?
False
Is 169129014263 composite?
True
Is 4461481631 a prime number?
True
Is 642859553 composite?
True
Is 25637164673 prime?
True
Is 16196695561 a prime number?
True
Is 8642347157 a prime number?
True
Is 2256788969 a composite number?
False
Is 1351015811 prime?
True
Is 750314647 a prime number?
False
Is 2078422499 prime?
False
Is 3496189457 a prime number?
True
Is 1417053413 composite?
False
Is 2018232631 composite?
False
Is 8987925651 a composite number?
True
Is 38113859999 a prime number?
False
Is 668954093 prime?
True
Is 6652941583 a composite number?
False
Is 1741609997 prime?
False
Is 42580963 composite?
True
Is 2322357959 a prime number?
False
Is 895769141 a composite number?
False
Is 11424035551 prime?
False
Is 4014694289 a prime number?
True
Is 274136857 a composite number?
False
Is 18077213783 a composite number?
False
Is 21626809861 a prime number?
False
Is 1682018047 prime?
False
Is 21060070481 a composite number?
True
Is 734539061 a composite number?
False
Is 3283460123 a composite number?
False
Is 219690041 a prime number?
True
Is 4689095141 a prime number?
True
Is 8965186771 a prime number?
True
Is 25444086719 a prime number?
True
Is 290484253 composite?
True
Is 334512910097 a prime number?
True
Is 258193769 a prime number?
False
Is 16297245793 prime?
False
Is 2387620474 prime?
False
Is 328794861 prime?
False
Is 251635357 composite?
False
Is 3274293173 composite?
True
Is 43851059213 composite?
True
Is 644048429 composite?
False
Is 16477186151 a prime number?
False
Is 195960887 a prime number?
False
Is 64658355